Is 4916669 composite?
False
Is 14804791 a prime number?
True
Is 143267269 composite?
False
Is 199728449 composite?
False
Is 175039 composite?
False
Is 67875233 prime?
False
Is 12954709 a composite number?
False
Is 130661039 a prime number?
False
Is 1504069 a prime number?
False
Is 22514081 a composite number?
True
Is 137928347 a prime number?
True
Is 91686739 a composite number?
False
Is 10434331 a prime number?
False
Is 244258451 prime?
True
Is 17968967 a prime number?
True
Is 69049 composite?
True
Is 26866689 a composite number?
True
Is 30391447 composite?
False
Is 4289057 a composite number?
False
Is 73643111 prime?
False
Is 175929179 prime?
True
Is 12313877 a composite number?
False
Is 32227351 a prime number?
False
Is 14476747 composite?
False
Is 53677853 a prime number?
True
Is 4767547 composite?
True
Is 21194441 a prime number?
True
Is 29383169 a composite number?
True
Is 397249 a composite number?
True
Is 3396137 a prime number?
False
Is 422783 composite?
True
Is 59477329 prime?
False
Is 314396737 a prime number?
True
Is 1428233 composite?
False
Is 134458981 composite?
True
Is 34883663 composite?
True
Is 1810931 prime?
True
Is 27083699 prime?
True
Is 145039691 a composite number?
False
Is 4540733 composite?
True
Is 44417669 a composite number?
True
Is 71170949 a composite number?
False
Is 351925261 prime?
True
Is 29747813 a prime number?
False
Is 2839981 a prime number?
True
Is 306727 prime?
True
Is 120070381 a prime number?
True
Is 11333719 prime?
False
Is 65159879 composite?
False
Is 17594879 a composite number?
False
Is 24185563 prime?
True
Is 351690253 a composite number?
False
Is 21054097 prime?
False
Is 117699301 composite?
False
Is 9067583 a composite number?
True
Is 1737997 a composite number?
True
Is 37918745 composite?
True
Is 9247123 composite?
False
Is 47974471 prime?
False
Is 2568169 a composite number?
False
Is 2358583 a composite number?
False
Is 90659 a prime number?
True
Is 91950511 a prime number?
True
Is 25278823 prime?
False
Is 45128267 a composite number?
False
Is 3767146 a prime number?
False
Is 2812603 a composite number?
True
Is 12587 a prime number?
False
Is 378600106 composite?
True
Is 4877251 prime?
True
Is 417691 a prime number?
True
Is 154555 a prime number?
False
Is 4143467 prime?
True
Is 7938059 a composite number?
True
Is 19718089 composite?
True
Is 80418301 a prime number?
True
Is 137696333 a composite number?
True
Is 1259959 prime?
False
Is 5018467 a prime number?
True
Is 23448653 prime?
True
Is 28192909 a composite number?
False
Is 572809 prime?
False
Is 80582723 composite?
True
Is 5137267 a composite number?
False
Is 193073 a prime number?
True
Is 13860661 composite?
True
Is 1997054153 a composite number?
False
Is 1173179 prime?
False
Is 29699 prime?
False
Is 6492721 prime?
False
Is 271067 a composite number?
False
Is 7163489 prime?
False
Is 723735041 composite?
False
Is 46141007 a prime number?
False
Is 23346901 a prime number?
True
Is 621791 a prime number?
False
Is 168237197 prime?
True
Is 431299 composite?
True
Is 29592157 composite?
True
Is 7330501 prime?
True
Is 1019507 prime?
False
Is 1435747 composite?
True
Is 148967911 composite?
True
Is 132274931 composite?
False
Is 762886681 a composite number?
False
Is 492589 prime?
False
Is 1895657 a prime number?
True
Is 29977547 a composite number?
True
Is 76426411 a composite number?
False
Is 44624623 composite?
True
Is 15202877 a composite number?
False
Is 1321079 composite?
False
Is 5799067 a prime number?
False
Is 630799919 prime?
True
Is 582299 a prime number?
True
Is 192455587 composite?
False
Is 2331829 prime?
True
Is 197332637 prime?
False
Is 7379647 composite?
True
Is 1418407 a composite number?
True
Is 7002973 a prime number?
True
Is 35697106 composite?
True
Is 115786003 composite?
True
Is 2239703 a composite number?
False
Is 2944493 a prime number?
True
Is 33971822 a prime number?
False
Is 568812089 composite?
False
Is 85927847 composite?
False
Is 14893526 a composite number?
True
Is 1018991 a composite number?
True
Is 1613431 composite?
True
Is 355546429 a prime number?
False
Is 2705243 composite?
False
Is 54155749 a prime number?
True
Is 614167 composite?
False
Is 3138911 a prime number?
True
Is 3987199 composite?
False
Is 125521327 a prime number?
False
Is 164367829 a composite number?
True
Is 395509 a composite number?
False
Is 2687057 composite?
True
Is 781097 a composite number?
True
Is 22546813 composite?
True
Is 6851573 a prime number?
True
Is 347653459 a composite number?
False
Is 26235897 a composite number?
True
Is 342647 composite?
False
Is 42640051 prime?
True
Is 595153415 prime?
False
Is 765277 prime?
False
Is 88882807 a prime number?
False
Is 210054511 prime?
False
Is 427131479 prime?
False
Is 69809533 prime?
False
Is 15442933 composite?
True
Is 3857297 a prime number?
True
Is 22388741 composite?
False
Is 21664493 composite?
True
Is 119867369 prime?
False
Is 30008569 a prime number?
False
Is 490283 a prime number?
True
Is 78192077 prime?
True
Is 3569367 prime?
False
Is 539350753 composite?
False
Is 53576329 composite?
True
Is 374183639 composite?
False
Is 102523 composite?
False
Is 8922421 a composite number?
False
Is 7561091 a composite number?
False
Is 86383 prime?
False
Is 19323191 a composite number?
False
Is 6582649 composite?
False
Is 15690373 composite?
True
Is 1023821 a prime number?
True
Is 30803039 a prime number?
True
Is 461303905 a composite number?
True
Is 1974263 a prime number?
True
Is 12464929 composite?
True
Is 146280997 a composite number?
False
Is 151252799 a composite number?
False
Is 35405887 prime?
False
Is 141195539 a composite number?
False
Is 2939917 composite?
False
Is 6538927 a prime number?
True
Is 7725313 prime?
False
Is 36804863 a composite number?
True
Is 12882062 a composite number?
True
Is 394978109 prime?
True
Is 3866479 a composite number?
False
Is 3888193 prime?
True
Is 3158809 prime?
False
Is 7325627 composite?
False
Is 18231743 composite?
False
Is 17412895 a composite number?
True
Is 12535951 composite?
True
Is 12560731 a prime number?
True
Is 2066807 prime?
False
Is 121795 composite?
True
Is 11494435 a composite number?
True
Is 1812521819 a composite number?
True
Is 160020181 a composite number?
False
Is 361159 a composite number?
False
Is 15570913 composite?
True
Is 29516777 composite?
True
Is 98087009 composite?
False
Is 4944899 a composite number?
False
Is 43666991 composite?
True
Is 6492487 prime?
False
Is 6765001 composite?
True
Is 6017843 a composite number?
True
Is 67494769 prime?
True
Is 384719029 a prime number?
True
Is 29167 prime?
True
Is 27238 a composite number?
True
Is 197852843 a composite number?
False
Is 19752613 a prime number?
True
Is 196046137 a prime number?
False
Is 15675997 a prime number?
True
Is 8731043 a composite number?
True
Is 13300633 prime?
True
Is 527266891 a composite number?
True
Is 5734019 composite?
True
Is 394057 composite?
True
Is 13310227 a prime number?
False
Is 27677393 a prime number?
False
Is 593675281 prime?
True
Is 12325771 prime?
True
Is 79203913 prime?
False
Is 1025760865 a composite number?
True
Is 6356461 prime?
True
Is 81629477 composite?
True
Is 27430679 composite?
False
Is 54508871 a composite number?
False
Is 60460057 a prime number?
False
Is 5548459 composite?
True
Is 747777677 a composite number?
False
Is 741781 composite?
False
Is 670188859 prime?
True
Is 77363129 prime?
False
Is 94000909 a prime number?
True
Is 512883487 prime?
False
Is 16211309 a prime number?
True
Is 4392193 a prime number?
False
Is 113316719 a composite number?
False
Is 245828641 composite?
False
Is 3702041 a composite number?
True
Is 12114481 a composite number?
False
Is 75289 composite?
False
Is 29991757 composite?
True
Is 981373 a composite number?
False
Is 213890667 a prime number?
False
Is 5358097 composite?
True
Is 18922661 a prime number?
False
Is 98580089 a prime number?
True
Is 1930342 composite?
True
Is 16776521 a prime number?
True
Is 143387 a prime number?
True
Is 227639641 composite?
True
Is 16983797 prime?
False
Is 27801569 a composite number?
False
Is 13043 a composite number?
False
Is 113841229 a prime number?
True
Is 428221 a composite number?
False
Is 22954313 prime?
True
Is 14205869 a prime number?
True
Is 1237837697 a composite number?
Fa